ne w(x).
-3
Let a(p) be the first derivative of -p**4/4 - 4*p**3/3 - 3*p**2/2 - 3. Let v be -3*1*8/12. Give a(v).
-2
Let l(r) = 2 + 0 + r**2 + 4 + 1 + r. Give l(0).
7
Let m(s) = s**2 - 8*s - 7. Suppose -4*n - 4*w + 44 = -8*w, w - 13 = -2*n. Determine m(n).
-7
Let k(q) = 0*q - 3 + q - 4. Let x(o) = -o**3 - 7*o**2. Let w be x(-7). Give k(w).
-7
Suppose -5*k - m = -20, k - 35 = -4*k - 4*m. Let p(v) = 2*v**2 - 4*v + 4. Determine p(k).
10
Let q be 0/(1*(-4 + 3)). Let p(h) be the third derivative of 1/6*h**3 - 1/60*h**6 + 1/30*h**5 - h**2 + q + 1/12*h**4 + 0*h. Give p(-1).
3
Let a(v) = 2*v**2 - 17*v - 4. Let k(s) = -s**2 + 8*s + 2. Let r(p) = 4*a(p) + 9*k(p). Suppose 3*x - 15 = x - 3*q, -5*x = 5*q - 30. What is r(x)?
5
Let m(w) = 2*w + 4. Let o be (4 - 1)/(6/4). Suppose 6*t + 16 = o*t. What is m(t)?
-4
Let y(m) be the third derivative of m**6/120 + m**5/60 - m**4/8 + m**3/6 + 12*m**2. Determine y(-3).
-8
Suppose 7 = -4*r + 3. Suppose 2*b - 4 = 3*b, 5*w - 2*b - 23 = 0. Let m(n) = w*n - 1 + n**2 - n**3 - 3*n. Determine m(r).
1
Suppose -2*n = 3*n. Let z be -2 + n + 2 + -3. Let g(j) be the second derivative of j**3/2 + 2*j**2 + 2*j. Calculate g(z).
-5
Suppose 5*n = 57 + 18. Suppose 5*k - 10 = n. Let u(r) = -r**2 + 3*r + 1. What is u(k)?
-9
Let s(b) = 3*b - 1. Let m be s(1). Suppose -4*l + 11 + 9 = 4*c, -4*l + 5*c = 7. Let n = m - l. Let g(h) = h**3 - h**2 + h - 2. Determine g(n).
-2
Let w(g) be the third derivative of -g**6/120 + 7*g**5/60 + g**4/3 + g**3/3 + 10*g**2. Calculate w(8).
2
Suppose 38*i - 5 = 43*i. Let b(j) = 5*j - 1. Give b(i).
-6
Let z(a) = -a**3 - 3*a**2 + 5*a + 4. Let i be ((-4)/(-3)*3)/(-1). What is z(i)?
0
Let u(k) = -2*k + 5. Let d be u(6). Let p(f) be the second derivative of -f**5/20 - 7*f**4/12 - f**3/6 - f**2/2 - 35*f. Determine p(d).
6
Let d(f) = -f**2 + 6. Let i be d(0). Let w(v) = -v - 2. Give w(i).
-8
Let w(d) = -2*d + 1. Let b(f) = 2 + 2 - 3 - 2*f. Let p(z) = -2*b(z) + 3*w(z). Suppose 1 = -2*l + 7. Determine p(l).
-5
Suppose 0 = -3*f - 45 + 60. Let o(g) = g - 5. What is o(f)?
0
Let g(d) be the first derivative of -2/3*d**3 - 2 + 0*d**4 - 1/120*d**5 + 0*d + 0*d**2. Let a(u) be the third derivative of g(u). Determine a(-4).
4
Let w(h) = 5 + 7*h - h**2 - 4*h - 2. Suppose 6 = 4*v - 2. Let n = v + 2. Determine w(n).
-1
Let p(f) = -f**3 + 10*f**2 - 9*f - 12. Let d(v) = v**2 + v - 47. Let h be d(-8). Determine p(h).
-12
Let t(v) = v**3 - 2*v**2 - 1. Let a = 23 + -20. Suppose a*j = -j + 12. What is t(j)?
8
Let o(z) = -4*z + z**3 + 10*z + 1 + 2 + 0*z**3 - 6*z**2. What is o(5)?
8
Let z(p) = -10*p + 24*p + p**2 - 8*p. Calculate z(-7).
7
Let b(g) = g**3 + 3*g**2 + g + 3. Let z(y) = 6*y**2 + 2 - 6 - 3 + y**3 - 6*y + 11. Let s be z(-7). Give b(s).
0
Let p(j) = -j**3 + 4*j + 3. Suppose 0*c + 12 = -3*c. Let o be 2/c + 12/(-8). Give p(o).
3
Let q(r) be the first derivative of -r**2/2 - 2*r + 4. Determine q(2).
-4
Suppose 2*u + 45 = 7*u - 2*x, -u + 4*x = -27. Suppose -3*f = -u - 2. Let d(z) = 2*z. Determine d(f).
6
Let z(d) be the first derivative of d**3/3 - 7*d**2/2 + 6*d - 33. What is z(6)?
0
Let l(d) be the third derivative of 7*d**5/60 - d**3/6 - 12*d**2. Determine l(-1).
6
Let w be (-2 - -2) + (2 - 1). Let l(h) = -6*h**3 - 2*h**2 + 2*h - 1. Calculate l(w).
-7
Let q(t) = -t**3 - 4*t**2 - t - 1. Let o be ((-8)/(-12))/(3/(-18)). Determine q(o).
3
Suppose 9*m = 4*m + 10. Let x(s) be the first derivative of -4/3*s**3 - 1/4*s**4 + s - m + 1/2*s**2. Determine x(-4).
-3
Let h(q) = q + 43 - q**2 + 49 - 91 - 6*q**3. Determine h(-1).
5
Let r(n) = -n**3 - 5*n**2 - 3*n**2 - 244 - 5*n + 252. Determine r(-7).
-6
Let r(a) = -2 + a + 2*a**3 - a + 3*a**2 + a. Let k(i) = -i - 10. Let f be k(-8). What is r(f)?
-8
Let h(j) = j**3 - 4*j**2 + 4. Let r(f) = 3*f**3 - 13*f**2 + 12. Let n(a) = -8*h(a) + 3*r(a). What is n(7)?
4
Let m(n) = -n**3 + 3*n**2 + 3*n + 2. Let w(c) = -3*c**2 - 4*c - 2. Let l be w(-3). Let b = 21 + l. Calculate m(b).
-2
Let c = 40 - 38. Let q(x) = x**3 - 2*x**2 - 4*x + 3. Give q(c).
-5
Let o(y) be the first derivative of y + 1/6*y**3 + 1 - 5/2*y**2 + 1/12*y**4. Let a(g) be the first derivative of o(g). What is a(0)?
-5
Let i(g) = -g**3 - 6*g**2 - 4*g + 3. Let j = 18 + -23. Determine i(j).
-2
Suppose -8 = b + m - 2*m, 3*m - 27 = 4*b. Suppose 2*i - 6 = -0*i. Let q(a) = -a**i - 2*a + 1 + 2*a**3 - 4*a**2 - 2*a**3. Determine q(b).
-2
Let c(d) be the first derivative of -4*d - 1/4*d**4 + 5 + 5/3*d**3 - 2*d**2. What is c(4)?
-4
Let x(j) = -1 + j + 0 - 2*j. Let b(g) = g**3 + 6*g**2 - 7*g + 3. Let r be b(-7). Let n be 5/3 + 1/r. Determine x(n).
-3
Let k(r) = -r - 5. Let h be -12*1*1/(-2). Suppose -113 + 5 = -12*m. Let f be (30/m)/((-4)/h). Calculate k(f).
0
Let k(w) = -4*w**2 + 3*w + 0*w**2 - w - w. Let s be 1 + (0 - (-2 - -3)). Suppose 2*o - 6*o - 2*r + 14 = s, -o = 5*r - 26. Determine k(o).
-3
Let b(d) = -7*d**3 + 3*d**2 + 6*d - 3. Let n(o) = -8*o**3 + 3*o**2 + 7*o - 4. Let r(k) = 7*b(k) - 6*n(k). What is r(3)?
3
Let s(a) = -a**3 + 4*a**2 + 4*a. Let f(n) = -n**3 + 5*n**2 + 5*n. Let z(j) = -3*f(j) + 4*s(j). What is z(2)?
-2
Let q be 2/(-8) - (-5)/20. Suppose -2*c + 4 + 4 = q. Let n(p) = 2*p - p - 2 - 2*p. What is n(c)?
-6
Let w(z) be the second derivative of -z**3/3 + z**2/2 - 10*z. Suppose -2*l = -l - 1. Determine w(l).
-1
Let f(b) = -4 - 26*b + 1 - 2 + b**2 + 20*b. Determine f(7).
2
Let m(j) be the second derivative of 0 + 1/6*j**3 - 5*j - 2*j**2. Determine m(0).
-4
Let m(q) = -7*q**2 - 4 + 1 + 3*q**2 + 3*q**2 - 5*q. Give m(-5).
-3
Suppose 5*j + 4*m - 3 = 3*m, 0 = -4*j - 5*m + 15. Let r(v) = v**3 - v**2 + v - 5. What is r(j)?
-5
Let k(p) = -p - 2. Let a be (3 - 4/(-4)) + -6. Give k(a).
0
Let n(o) be the third derivative of o**8/6720 + o**7/420 + o**6/360 - o**5/30 - 5*o**4/24 + 7*o**2. Let v(q) be the second derivative of n(q). Calculate v(-5).
11
Let z(c) = 2*c - 7. Suppose -5*k - 3*u = -24, u = -4 + 2. What is z(k)?
5
Let k be (-3 - -1)/1 + -1. Let t(f) be the first derivative of -f**2/2 + 2*f - 7. Give t(k).
5
Let t = 2 + -2. Let s(y) = -2*y + y + t*y + 2*y. Suppose -3*o + 10 = -2*n, 2*o + 3*n - 1 = -3. What is s(o)?
2
Let t(h) be the third derivative of -3*h**2 + 0*h + 0 + 1/24*h**4 - 2/3*h**3. Suppose -l - 3*l - 12 = 0. What is t(l)?
-7
Let q(h) = 2*h + 17. Let o(k) be the first derivative of -k**2/2 - 8*k - 1. Let j(w) = -9*o(w) - 4*q(w). Determine j(-2).
2
Suppose h - 3*o + 2 = 0, h = -3*h - 4*o - 24. Let i(r) = -r**2 - 7*r - 4. What is i(h)?
6
Let s(b) = -b**3 - 7*b**2 - b - 2. Let n be s(-7). Let v(q) be the first derivative of 2 - q + q**2 - 3*q + n*q - 3*q. Determine v(5).
8
Suppose -5*b + 5 = -4*m - 2, -5*b + 2*m + 1 = 0. Suppose c - 4*n - 13 = -n, 3*n = -2*c - 10. Let r(k) = -c + k - 10*k - k. What is r(b)?
9
Let g(x) = 8*x - 4. Let f(v) = -9*v + 3. Let s(i) = 5*f(i) + 4*g(i). Let m = 12 - 13. Calculate s(m).
12
Let n(i) = -i. Let g(r) = -7*r - 5. Let h(f) = g(f) - 6*n(f). Let w(p) = -5*p. Let z be w(-1). Suppose j = 3*m, z*j = 2*j. What is h(m)?
-5
Let x(j) = -6*j**3 + 11*j**2 + 11*j + 7. Let p = 27 + -21. Let t(q) = -5*q**3 + 10*q**2 + 10*q + 6. Let o(c) = p*x(c) - 7*t(c). What is o(-3)?
3
Let s = -45 + 38. Let l(f) = f**3 + 8*f**2 + 9*f - 4. Give l(s).
-18
Let n(t) = t**2 + 15. Let s be (-2)/(-1) + -5 + 1. Let m be ((-3)/(-6)*0)/s. Calculate n(m).
15
Let d be (-2)/6 + 1 + 124/12. Let j(w) = w**3 - 12*w**2 + 10*w + 14. Calculate j(d).
3
Let p(s) = s**2 + 5*s - 1. Suppose 0 = 2*o - 0 + 8. Determine p(o).
-5
Suppose -12*u + 7*u = -15. Let s(o) = -5*o + 2 + 4*o + 0. Let x be s(u). Let g(m) = -8*m. What is g(x)?
8
Let c(j) = 11*j**2 - 1. Let r(n) = n. Let v be r(-1). What is c(v)?
10
Let o(l) = 3*l - 2. Let k be (3 - 2)*6/3. Give o(k).
4
Let a(w) = -5*w - 2 + 0*w + 2*w + w**2. Let b(v) = v**3 + 5*v**2 - v - 2. Let z be b(-5). Calculate a(z).
-2
Let y(w) = w. Let o(z) = 6*z - 1. Let t(p) = o(p) - 4*y(p). Determine t(-2).
-5
Let b be 4*9/(-12)*-1. Suppose -5*t + 19 = -b*p, p + t - 2 = -3. Let a(z) = -24*z**2 + 4 + 1 - 1 + 26*z**2 + z**3 - z. Give a(p).
-2
Suppose 2*q + 64 = -2*z, -3*q + 11 = 2. Let t = -50 - z. Let c be (-21)/t - 6/(-10). Let l(o) = 2*o - 2. What is l(c)?
2
Let h(g) be the first derivative of -2 - 1/3*g**3 - 3/2*g**2 - 3*g. Let p = 7 + -9. Determine h(p).
-1
Let h = -2 + 5. Let o be -1*(h/(-1))/1. Let q(n) = 2*n - 4.